or of b and 1003?
59
Let n = 13647 - 13573. Calculate the greatest common divisor of n and 11840.
74
Let z be (3376/24 + -6)*(-294)/(-7). What is the highest common factor of 56 and z?
56
Suppose 5*o - 985 = 5*a, -5*o = a + 3*a + 824. Let z = 253 + a. Calculate the greatest common divisor of z and 156.
52
Let p(k) = k + 72. Let x be p(0). Suppose 13*t - 213 = 11*t + 411. What is the highest common factor of x and t?
24
Suppose 0 = -449*v + 461*v - 60. Let t(c) = -2*c - 9. Let d be ((-14)/(-4))/((-6)/12). Let m be t(d). What is the greatest common factor of v and m?
5
Suppose -6*q - 6 + 0 = 0. Let b be 213 + (q + (0 - -4))*-1. Suppose 7*x = -0*x + b. What is the greatest common factor of 15 and x?
15
Let d(u) = u**3 + u**2 - 5*u + 20. Let x be d(4). What is the greatest common factor of x and 620?
20
Let r = 3781 - 3766. What is the highest common factor of 6645 and r?
15
Let j = 38 - 35. Let r be ((-4)/6*j)/(-2). Suppose 5*w = 4*g + 14, -w + r + 0 = g. Calculate the highest common divisor of w and 4.
2
Suppose 0 = 121*x - 123*x + 128. Suppose -2*r - o = -x - 9, 0 = r + 4*o - 40. Calculate the greatest common divisor of r and 4.
4
Let p = 76997 + -76988. Let d = -3 - -5. What is the highest common factor of p and d?
1
Suppose -51*j = -56*j + 75. Suppose 60 = -j*k + 285. What is the greatest common divisor of 42 and k?
3
Let q be -20*(3 - (-33)/(-5)). Suppose 8 = -4*h + q. Let r = h - 3. Calculate the highest common divisor of 117 and r.
13
Let p = 20 - 17. Let z = p - -1. Suppose 2*a - z*l = 460, 0*l = 5*a - l - 1105. Calculate the greatest common divisor of a and 20.
20
Let f be 2*((-54)/16)/(27/(-36)). Suppose -f*i - 402 + 33 = 0. Let d = i - -77. Calculate the highest common factor of d and 288.
36
Suppose 0*h - h + 774 = 5*r, 0 = r - 2*h - 146. Suppose 5*x - 2*m = 98, 7*x - 140 = 8*m - 34. What is the highest common divisor of x and r?
22
Suppose 2*u + u - 730 = -2*x, 374 = x - 3*u. Suppose 0 = 20*z + 46 - 506. Calculate the greatest common divisor of x and z.
23
Suppose 20*r - 5*r + 60 = 0. Let b be (-4 - -12)/(-4) + r. Let w(y) = -40*y - 40. Let d be w(b). Calculate the greatest common divisor of 25 and d.
25
Let w = -13137 - -14840. Calculate the highest common divisor of 130 and w.
13
Let l(q) = 3*q**2 + 10*q + 3. Let v be l(-4). Suppose 12*b - 10 = v*b. Let x be (-4)/14 + (-300)/(-70). What is the highest common factor of b and x?
2
Suppose 975 = 3*a + i, -2*a - 5*i + 1311 = 2*a. Let s be (a - (-5)/(-5 + 6)) + -6. What is the greatest common divisor of s and 76?
19
Let k = 194 - 138. Let c = -88 + k. Let g = -14 - c. Calculate the highest common factor of 30 and g.
6
Let m be 3 - (16/32 - 39949/(-2)). Let g be (-10)/(-25) - m/20. What is the greatest common divisor of 27 and g?
27
Let c be 77/(-33) + 14/6. Suppose -112*q + 127*q - 1575 = c. What is the greatest common divisor of q and 70?
35
Suppose 0 = 4*p - 11*v + 10*v - 13, -2*p = -2*v - 14. Suppose 5*d = -6*g + 4254, 4*d + p*g - 2520 = 886. What is the greatest common factor of d and 12?
12
Let m(v) = 8*v**2 + 22*v + 54. Let l be m(-9). Let n be (-15*1)/(2 - 1). Let j be (l/n)/((-6)/20). Calculate the greatest common divisor of 16 and j.
16
Suppose -5*x = 1 + 9. Let j(s) = 2 - 4*s**2 - 2*s**3 - 3*s - 11 + 6 + 1 - 17*s**3. Let r be j(x). Calculate the greatest common divisor of r and 20.
20
Let s = 72 - 39. Let v(y) = 3*y - 13. Let q(c) = -c**3 + 6*c**2 + 16*c + 8. Let m be q(8). Let h be v(m). Calculate the greatest common factor of s and h.
11
Let s be 202/2 - (-55 + 64). What is the highest common factor of s and 943?
23
Let b = 13043 - 167. What is the greatest common factor of 740 and b?
148
Let h(o) = -o - 7*o - 2*o - o**2 + 11. Let w be h(-11). Let c be (-168)/(-36)*(-18)/(w - 2). What is the highest common factor of 12 and c?
6
Suppose -3*m + 7*m - k = -35, 0 = m - 3*k + 6. Let r be ((-33)/m)/(1/21). Suppose 3809*p - 3841*p = -224. Calculate the greatest common factor of r and p.
7
Suppose 8*y + 4*r = 3*y, -2*y = 2*r + 2. Let m(h) = 26*h**3 - 10*h**2 - 2*h + 8. Let c be m(y). What is the greatest common divisor of c and 94?
94
Let v be (0 - -2)*(4 - -532)/8. What is the greatest common divisor of 4757 and v?
67
Let m(z) = -2*z + 19. Let n be m(-7). Let b be (-3 - 3)*(-11)/(n/24). Let w(h) = 21*h - 6. Let g be w(6). Calculate the greatest common divisor of b and g.
24
Let n(x) = x**2 + 13*x - 5. Let h be n(-6). Let m = h + 51. Let o = -2 + m. Calculate the highest common factor of 2 and o.
2
Let z = -11901 + 11961. What is the highest common divisor of z and 2360?
20
Suppose 0 = 4*r + 5*w - 1804, 2*r - 902 = -140*w + 144*w. Calculate the greatest common factor of r and 410.
41
Suppose -3*p + p = -3*u - 16, p - 17 = -3*u. Suppose 1618 = p*j + 529. What is the greatest common divisor of j and 11?
11
Suppose 359 - 3347 + 104 = -103*o. Calculate the greatest common divisor of o and 79.
1
Suppose 19490 + 9750 = 136*a. Calculate the greatest common divisor of 1247 and a.
43
Suppose 0 = -2*y + 4*y + 2*h - 604, -2*y + h + 592 = 0. Let c = y - 153. Calculate the highest common factor of 58 and c.
29
Let k = -2626 - -937. Let z = -905 - k. What is the highest common factor of 98 and z?
98
Suppose -394*q + 203*q + 302006 = -314160. Calculate the greatest common divisor of q and 4.
2
Suppose 2*c = 2*l - 462, -65*l + 6*c = -61*l - 914. Calculate the highest common divisor of l and 1534.
118
Let t be (-24)/(-13) - 24/(-156). Let v be 9/((-18)/(-52)) - (-1 - t). Calculate the greatest common factor of 493 and v.
29
Suppose 48*c = 69*c - 10878. Let h = 539 - c. What is the greatest common factor of h and 651?
21
Let m be (4*12/16)/(9/(-12)). Let c be (5/4)/(577/144 + m). Suppose 91*z = 94*z - 60. Calculate the greatest common factor of z and c.
20
Let r(c) = 221*c + 1135. Let p be r(-5). Calculate the highest common factor of p and 260.
10
Let x be 6/(-21) + 548/7. Suppose 396 = 40*k - 18*k. Suppose 0 = 4*v - x - k. What is the highest common divisor of v and 60?
12
Let s be ((-6)/8)/(31095/(-2220) + 14). Calculate the greatest common divisor of 1961 and s.
37
Suppose 0 = -4*t - 3*n + 3308, 2*t + 5*n - 98 = 1570. What is the highest common factor of 16 and t?
8
Suppose 0 = 5*h - 5*u - 330, 4*h + u = -3*u + 304. Suppose -5*w + 24 = -h. Let a be 1/(11*(-11)/(-11495)). Calculate the greatest common factor of w and a.
19
Suppose 18*q + 2275 = 6487. Let l(p) = -3*p**2 + 29*p - 18. Let k be l(9). Let a be (13/(-1))/((-3)/6 + k). Calculate the highest common factor of a and q.
26
Suppose 27093 = -5*h + 12*h + 2*w, -19365 = -5*h - 4*w. What is the greatest common divisor of 657 and h?
73
Suppose -4*p - 1509 = b - 6*b, -4*b + p + 1216 = 0. Let g = b + -15. What is the greatest common divisor of g and 20?
10
Let x(g) = -g**2 - 6*g + 9. Suppose -b = 4*b - 10. Suppose v - 12 = b*y - v, -v = y + 6. Let h be x(y). Calculate the greatest common divisor of 117 and h.
9
Let h(x) = -x**2 + 31*x - 36. Let p be h(27). Suppose -2*j + c + 142 = 3*c, 0 = -4*j - 5*c + 283. What is the highest common divisor of p and j?
72
Let i = -10 - 225. Let a be -4 + i*(-16)/40. What is the greatest common divisor of a and 10?
10
Let p(y) = -5*y**3 - 2*y**2 + 3*y + 5. Let b(n) = 4*n**2 + 12*n - 2. Let d be b(-3). Let i be p(d). What is the highest common factor of 341 and i?
31
Suppose -62*q + 41005 = -28*q - 29*q. What is the highest common divisor of 177 and q?
59
Suppose -1399 = -187*a - 464. What is the greatest common factor of 270 and a?
5
Let a = 450 + -216. Suppose -2*z + 74 = -a. What is the greatest common divisor of z and 56?
14
Let m = -973 - -3178. Suppose 53*u + m = 60*u. Calculate the greatest common factor of 90 and u.
45
Suppose 2*z + 120420 = 4*v, z + 5276 = -v + 35369. Calculate the greatest common factor of v and 31.
31
Let p(j) = j + 284. Let r be p(-44). What is the greatest common divisor of 1840 and r?
80
Suppose -10*h = -12*h - 5*v + 75, 0 = -5*h + 5*v + 205. Suppose 0 = 5*u + 7*c - 5*c - h, 8 = u + c. Calculate the highest common divisor of 136 and u.
8
Suppose 4*m + 2*d = -d + 55, -2*d = -m. Suppose -4*c - 98 = -90. Let g be (-20)/(-1 - (0 - c) - -2). Calculate the greatest common divisor of m and g.
10
Let c(f) = 686*f + 5573. Let x be c(12). What is the greatest common factor of 11 and x?
11
Su